Let s(y) = -310*y**3 - 7*y - 191*y**3 + y**2 + 377*y**3 - 13. What is the hundreds digit of s(-2)?
9
Let c = -5606 - -10048. What is the tens digit of c?
4
Suppose 2*h - 2*n = 12, -5*h = 5*n - 7*n - 24. Suppose -2*w - 2*q + 74 = 0, 3*w = -h*q + 128 - 13. What is the units digit of w?
3
Let u = 42 - 45. What is the hundreds digit of (2 - u/((-30)/25))*-662?
3
Let a be 7*(-3 - (1 - 2)). Let l = 0 + a. What is the tens digit of -2*l/(-3)*(-48)/16?
2
Let p(k) = -2*k**2 + 12 - 18*k + 19*k + 5*k**2 + 7*k - k**2. Suppose 0 = -5*u + 3*y - 43, -11 = 2*u + y + 4*y. What is the tens digit of p(u)?
7
Let r(d) = -2*d + 772. What is the units digit of r(19)?
4
Suppose -2*t + 7*t = 35. Suppose -4*c + t*c = 30. Suppose -c*y = -13*y + 471. What is the units digit of y?
7
Let x(j) = 12*j**3 + 110*j**2 - 110*j**2 - 7 + 6*j. Suppose -13 - 5 = -9*t. What is the tens digit of x(t)?
0
Let b be ((-10)/6)/((-11)/33). Suppose -n + t = -434, b*n + 462 = -3*t + 2672. Suppose -3*p + n = -80. What is the hundreds digit of p?
1
Let r(j) = -933*j - 3801. What is the tens digit of r(-50)?
4
Suppose -2*z = -4*z - 2*z. Suppose 9*h - 7*h + 2 = z. What is the units digit of h - -2 - (-4 + 3)?
2
Let q(s) = 16*s + 5701. What is the hundreds digit of q(113)?
5
Let j = 12 - -25. Let f = j + 252. Let l = f - 204. What is the tens digit of l?
8
Suppose 0 = 5*q - 3*k - 290489, -5*q - 5*k + 290493 = -6*k. What is the hundreds digit of q?
0
Let x = 388 + -295. Let v(a) = -a**2 - 2*a + 4. Let p be v(-6). Let w = p + x. What is the tens digit of w?
7
Let r = 35 + -36. Let f(n) be the first derivative of 68*n**3/3 - 5*n**2/2 - 6*n + 67. What is the units digit of f(r)?
7
Let r = 216 + -206. Suppose 0 = -r*l + 1063 + 3857. What is the units digit of l?
2
Let i be (0/(-2))/(0 - (-1 - 1)). Suppose 3*l + 0*c - 4*c = 8, i = -4*c + 4. Suppose -385 = -k - l*k. What is the units digit of k?
7
Suppose -497 = 9*g - 8732. Let x = g - 594. What is the hundreds digit of x?
3
Let n be 27/(-2)*(347 - 1)*-1. Suppose -5*h + n = 2*k, -346 = -h - k + 587. What is the tens digit of h?
3
Suppose -5*w + 675 + 176195 = -3*t, 5*w - 176865 = 4*t. What is the hundreds digit of w?
3
Let n be (-159)/(4 - (-6 + 57379/5740)). What is the hundreds digit of n/(-55) + 12/(-66)?
7
Suppose -21*n + 676 - 193 = 0. What is the tens digit of (26 - n) + 1 + 1022?
2
Let x = 17 + -35. Let m be ((-4)/6 - (0 + 2))*x. Let y = m + 43. What is the tens digit of y?
9
Suppose 2*x - j - 291 = 5*x, 0 = -2*x - 5*j - 194. Let q = -97 - x. Suppose q*i - 4*i + 322 = 2*l, 4*i + 191 = l. What is the tens digit of l?
7
Let u = -40 + 44. Suppose -4*o = -8, 0 = -u*c - 5*o + 1975 - 277. What is the units digit of c?
2
Let u(i) = -i**3 - i**2 - 2*i + 41. Let a be u(0). Let f = a - 28. What is the tens digit of f?
1
Suppose 4*v + 592 = -4*p - 0*p, 0 = 2*p - 3*v + 276. Let d = -304 - p. What is the units digit of (6/(-4))/(16/d)?
5
Suppose 2*d + 6396 = 4*s, -2*s + 3*d - 8*d = -3186. What is the hundreds digit of (2 - (4 - -2)) + -18 + s?
5
Let y(x) = -x**3 - x**2 - 1. Suppose 2*k = -3*w + 6, 5*k + 29 = 2*w + 6. Suppose 5*a = 2*a + f - 9, 4 = -w*a + 4*f. What is the tens digit of y(a)?
4
What is the hundreds digit of 972*(10 + (-1132)/(-8))/3?
0
Suppose 2*b = 14 - 8, 0 = -2*s - 4*b + 172. What is the tens digit of (-4)/s*-5*100?
2
Suppose -32295 = -39*n + 459144. What is the ten thousands digit of n?
1
What is the units digit of (43016/(-20) + 48/60)/(-4)*6?
5
Let m(g) = -93*g + 6. Let z be m(-2). Suppose z - 12 = 9*u. Suppose -y - 5*b = -u, -5*y + 4*y = b - 20. What is the units digit of y?
0
Let d(u) = -u**3 - 15*u**2 + 24*u - 80. What is the tens digit of d(-28)?
4
Suppose -y + 5366 = 5*q, -483*q + 5324 = y - 485*q. What is the units digit of y?
6
Suppose 4*h = 3*g + 46 - 13, -g = 5*h - 8. Let x(p) = -p**2 - 7*p - 4. Let r be x(g). What is the tens digit of (-354)/(-8) + ((-65)/20 - r)?
4
Let y = 131 - 104. Suppose y = 28*p - 29*p. What is the tens digit of 1/3 - 4635/p?
7
Let g(h) = -h**3 + 97*h**2 - 85*h + 1688. What is the tens digit of g(94)?
0
Let t(z) = z - 3. Let y be t(-3). Let f(i) = i**3 + 7*i**2 + 5*i - 5. Let u be f(y). What is the tens digit of u*(-3 + (-4 - -96))?
8
Suppose 4*u - 20 = 0, -28460 = -4*o + u - 5777. What is the hundreds digit of o?
6
Let l(t) = 22*t - 22. Let q be l(18). Suppose 0 = -2*m + q + 22. Suppose 70*i - 73*i = -m. What is the units digit of i?
6
Let h(l) = -2*l - 13. Let d(y) = -5*y - 26. Let p(f) = 6*d(f) - 14*h(f). Let j be p(13). Suppose j = 3*r - 4*r + 47. What is the units digit of r?
7
Let h(i) = 14*i - 25. Let q be h(12). Suppose -n - 51 = -q. What is the tens digit of n?
9
Let a(r) = 82*r**3 - r**2 + r. Suppose 6*m - 8 = -2*m. Let b be a(m). Let v = b + -63. What is the tens digit of v?
1
Let h be (5 + -14 - -4)*-1. Suppose 7*y + 3*x - 614 = h*y, 0 = -4*x + 8. What is the hundreds digit of y?
3
Let w(h) = -1178*h - 27. What is the tens digit of w(-4)?
8
Let f = 5 - -11. Suppose -2*d + 10*d = f. Suppose d*z - 513 = -7*z. What is the units digit of z?
7
What is the ten thousands digit of 0 + 8334000/140 + (-4)/7?
5
Suppose -2*b = j + 3*b + 10, 4*j + 4*b = 8. Let s(z) = z**2 - 2*z - 16. Let x be s(j). What is the units digit of (x/3)/((-1)/447)?
9
Let m be (-38)/((-3)/(15 + 0)). Suppose 3*z = 2*n + 4, 14 = 5*z + 4*n - 0*n. Suppose w + 62 = v, 5*v - m = z*v + 5*w. What is the units digit of v?
0
Let g = -128 - -325. Let d = g + 220. What is the hundreds digit of d?
4
Suppose -15093 + 76958 + 137215 = 21*b. What is the thousands digit of b?
9
Let b(m) = m**3 + 7*m**2 + m + 7. Let x be b(-7). Suppose -4*a = -3*v + 1 - 0, x = -2*a - 3*v - 23. What is the units digit of (-409)/a + 9/12?
3
Let v = 27067 + -4604. What is the tens digit of v?
6
Let o = 161925 - 112524. What is the units digit of o?
1
Suppose 50*m - 40*m - 2090 = 0. Suppose -8*b = -7713 + m. What is the tens digit of b?
3
Let j be 4/84*9 + (-274)/(-14). What is the hundreds digit of -4 - (-76)/j - 13323/(-15)?
8
Let g(r) = -73*r - 49. Let x be g(-9). Suppose x = 5*o - 442. What is the hundreds digit of o?
2
Let p be (-4)/2 + -4 - (53 - 56). What is the units digit of (4 - 1)/((-316)/(-105) + p)?
5
Let p(r) = -233*r**3 + 4*r + 4. Let h be p(-1). What is the units digit of h/5 - (-6)/(-15)*-1?
7
Suppose 4*n + a = 14563, -5*n = -3*a - 341 - 17867. What is the hundreds digit of n?
6
Let r be 65/15 + ((-26)/6 - -5). Let o be (1 - 0) + (-4)/(-2). Suppose -o*t - 234 = -r*t. What is the units digit of t?
7
Suppose -1236 = 97*l - 101*l. Let n = l - 226. What is the tens digit of n?
8
Let x(i) = 6*i**2 - 23*i - 6. Let y = 26 - 22. Suppose 0 = y*z - 7 - 17. What is the units digit of x(z)?
2
Let b = 148 - 146. What is the units digit of 360/(5 + -1) + b + -2?
0
Suppose -4*i = 2*m + 40, 23 = -3*i + 2*m + 7. Let a(l) = -l**3 - 7*l**2 + 10*l + 18. Let j be a(i). What is the tens digit of 150 + (4/j - 2) + -3?
4
What is the hundreds digit of 10 + (-29590)/(12 + -22)?
9
Let f(w) = 157*w**3 - 4*w**2 + 11*w - 6. Let y be f(4). Suppose 28*d + y = 35698. What is the hundreds digit of d?
9
Suppose -7*w + 23 = 2. Suppose 3*l + w = 0, -2*c - 22*l = -24*l - 276. What is the tens digit of c?
3
Suppose 12 = 5*q + 7. Suppose 5*v - 1 = 2*j + 6, q = j - v. Suppose j*c = -0*c + 412. What is the units digit of c?
3
Suppose -3*l - 5*u + 27546 = 0, 0 = -7*l + 2*l - 4*u + 45884. What is the tens digit of l?
7
Let x(b) = 11*b - 106. Let n be x(17). Suppose 84*h - 141 = n*h. What is the units digit of h?
7
Suppose -13*a = 3*k - 15*a - 16, 0 = 4*k + 4*a - 8. What is the units digit of ((-1124)/18)/(k/(-36))?
2
Suppose -169256 = -4*v + 5*a, 296*a - 126931 = -3*v + 297*a. What is the hundreds digit of v?
3
What is the thousands digit of ((-14)/28)/((-7)/32466)?
2
What is the ten thousands digit of -1 - -1 - 17/(170/(-218590))?
2
Let a = -97 - -97. Suppose -2*i + 704 = -4*p, a = -3*i + 2*i - 2*p + 340. What is the units digit of i?
6
Suppose 4*m - 43 + 59 = 0. Let u be ((-6)/(-5))/(m/(-1070)). Suppose 4*q = 5*o + 432, 0*q - 3*q + 3*o + u = 0. What is the tens digit of q?
0
Let g = -12686 + 20974. What is the thousands digit of g?
8
Let w be (2 + -2)/3 + 256/(-2). What is the units digit of (332/16)/((-16)/w)?
6
Suppose l + 17641 = a, 28*l - 17633 = -a + 31*l. What is the thousands digit 